r when 86 is divided by 51/204 - (-39)/u?
6
Suppose 343 + 77 = 12*x. Calculate the remainder when 96 is divided by (-4)/5 - (-1323)/x.
22
Suppose 0 = -4*j - 3*y + 3100, 4*j - 10*y - 3084 = -9*y. What is the remainder when j is divided by 30?
22
Let z(d) = -5*d + 256. Calculate the remainder when z(23) is divided by 49.
43
Let t(l) be the second derivative of -l**4/6 + 31*l**3/6 - 15*l**2/2 - 7*l + 4. What is the remainder when 149 is divided by t(14)?
14
Let j be (-8)/52 - 6*1154/(-52). Let t = -64 + j. Suppose -2*d + 15 = -t. What is the remainder when 164 is divided by d?
38
Let l(i) = -2*i**2 - 13*i + 39. Let g be l(31). What is the remainder when (1 - 4)*9/(243/g) is divided by 32?
30
Let t = -28 + 41. Let h = -67 + 156. Suppose -6*s + h = -295. Calculate the remainder when s is divided by t.
12
Let n(i) = 23*i - 50. Let l be (70 + -72)/(1/3 + -1). Suppose -3*p - f + 102 = 0, -p = -0*p - 4*f - 21. Calculate the remainder when p is divided by n(l).
14
Let c(y) = -y**3 + 6*y**2 - 4*y + 7. Let m be c(4). Let d be (1 - 3)/(46/m). Let o(k) = -17*k - 5. What is the remainder when o(d) is divided by 4?
0
Let j = 19 - -189. Suppose 0*b = 4*b - 4*w + j, -b - w = 50. Let x = 55 + b. Calculate the remainder when 15 is divided by x.
3
Suppose -8*g + 46 = -66. Let y be (1/2)/((-2)/(-16)). Suppose 2*n = -5*l + 130, 0*l + y*n + 104 = 4*l. What is the remainder when l is divided by g?
12
Let k = -936 + 947. Let z = -27 - -38. Let b = z - 9. What is the remainder when k is divided by b?
1
Let o = 56 + -34. Let p = 116597 + -116554. Calculate the remainder when p is divided by o.
21
Let k(t) = -t**3 - 3*t**2 + 30*t + 188. Calculate the remainder when 407 is divided by k(-9).
3
Let x be ((-296)/(-12) - -7) + 6/(-9). What is the remainder when ((-38)/(-8))/(x/372) is divided by 1/((-2)/(-2)) + 14?
12
Let l(t) = 2*t**2 - 5*t - 5. Suppose 15 = 5*a, -272*a + 264*a = -3*n + 3855. Calculate the remainder when n is divided by l(6).
35
Let d be (-32)/2*6*105/28. What is the remainder when (102/(-15))/(9/d) is divided by 46?
42
Let k = -27 + 29. Suppose 5*b = 15, k*b = 3*t + 4*b - 408. What is the remainder when t is divided by 27?
26
Suppose u - 1 = 4. Suppose -q = -u*q + 84. Suppose 7*y + 45 - 325 = 0. What is the remainder when y is divided by q?
19
Let g = -92 + 97. Let b be 387/(-27) + (0 - 4/6). Calculate the remainder when (96/20)/(b/(-100)) is divided by g.
2
Suppose 0*j - 4*j + 84 = 0. Suppose 0 = -5*y + 451 + 624. Let g = y - 155. Calculate the remainder when g is divided by j.
18
Let m(q) = 0*q**2 - 67*q**3 + 2*q**2 + 68*q**3. Let z be m(0). Suppose -11*t - 78 + 1233 = z. Calculate the remainder when t is divided by 36.
33
Suppose -65*t + t + 7739 = 7*t. Calculate the remainder when 350 is divided by t.
23
Let l(d) = d**3 - 54*d**2 + 66*d - 621. What is the remainder when 1030 is divided by l(53)?
10
Suppose 0 = 5*q - 4*d - 1134, 2*q + 0*q = -3*d + 426. What is the remainder when 2227 is divided by q?
7
Let t = -146 - -148. Suppose -21494 - 35658 = -19*p. Suppose -p = -14*u - t*u. What is the remainder when u is divided by 38?
36
Let v be ((-75)/3)/5 + (-185 - 2). Let g = v + 283. Suppose 0 = 3*u - 14 - 124. Calculate the remainder when g is divided by u.
45
Suppose -24*d = -5*j - 28*d + 219, -125 = -3*j + 4*d. Calculate the remainder when 728 is divided by j.
40
Suppose -l = -3*z + 31, -l + 5*z = 26 + 33. Suppose 0 = n - h - h - 356, 0 = -n - 5*h + 335. What is the remainder when n is divided by l?
9
Let r = 2563 - 2556. Suppose -3*y = -10*y + 182. Calculate the remainder when y is divided by r.
5
Let x(o) = 0*o**2 - 6*o + 3*o**3 - 3*o**3 - o**2 + 1 + o**3 + 11. Let m = 21 - 11. What is the remainder when x(4) is divided by m?
6
Let m = 23 + 47. Suppose -5*l + m = o, -2*o - 70 = -25*l + 21*l. What is the remainder when l is divided by 8?
7
Suppose -264 = -35*z + 32*z. Let y(k) = 3*k**2 + k - 11. What is the remainder when z is divided by y(3)?
12
Let f = 181 + -102. Suppose 15*d + 162 = 21*d. Calculate the remainder when f is divided by d.
25
Suppose -61*v = -59*v + l - 291, 5*v - 710 = l. Calculate the remainder when 25309 is divided by v.
141
Let d be (-1)/(-1)*-1*(-12 + 12). Suppose -5*n + 104 = -d*s + 3*s, -n = 3*s - 112. Calculate the remainder when s is divided by 11.
5
Suppose -5*u + 331 = g, 2*u = -9*g + 10*g + 131. What is the remainder when 4616 is divided by u?
62
Calculate the remainder when ((-2)/(-4))/(((-2)/(-9))/(-5 - -777)) is divided by 12.
9
Suppose -10 = 3*l - 8*l. Suppose 5*u + 4*h = -27, l*h = -u - h - 12. Let n = u + 35. What is the remainder when 125 is divided by n?
29
Let i(p) = p**3 - 12*p**2 - 10*p + 9. Let f be i(13). Let m = 50 - f. Suppose -4 = -2*x - m*x. Calculate the remainder when 2 is divided by x.
0
Suppose 232*i - 270*i + 4240 + 20270 = 0. What is the remainder when i is divided by 210?
15
Let g(n) = -6*n + 108. Let b be g(17). Let m(c) = 47*c - 66. Calculate the remainder when m(b) is divided by 32.
24
Suppose 69*v - 68*v = -8. Let x = v - -11. Suppose 2*u - 56 = 2*f, -f = 2*u + x*u - 110. What is the remainder when 43 is divided by u?
20
Let w(z) = 198*z**2 + 148*z - 1. Suppose -2*j - 3*u = -385, -2*j - 3*u + 5*u = -390. What is the remainder when j is divided by w(-1)?
47
Suppose -3085 = -57*m - 2401. What is the remainder when 2951 is divided by m?
11
Let d be 11 - 2/(-3 + 1). Let q(t) = -t**3 + 11*t**2 + 13*t - 2. Let r be q(d). What is the remainder when 7 is divided by ((-16)/r)/(10/(-25))?
3
Suppose 8*b - 13*b - 20 = 0. Let a(u) = -10*u + 8. Calculate the remainder when a(b) is divided by 21/2 - (7/(-2) + 4).
8
Let l be (-4)/(-4)*106 - 1. Suppose l = 12*b - 15. What is the remainder when 36 is divided by b?
6
Let i(v) = 102*v**3 - 10*v**2 + 13*v - 2. Let j = 27 - 6. Calculate the remainder when i(1) is divided by j.
19
Let z(m) = -4*m**2 - 13 + 5*m - 9*m - 3*m + 6*m**2. Let c(h) = 2*h**2 - 19*h - 2. What is the remainder when z(9) is divided by c(10)?
6
Let i = 445 - -27. Let a = i - 459. Calculate the remainder when 75 is divided by a.
10
Let m = -140 + 142. Suppose 0 = m*l + 5*f - 10, 15 = 3*l + 4*f - 2*f. Calculate the remainder when 38 is divided by l.
3
Let t = 309 - 305. Suppose g - 239 = -2*w, -t*w + 330 = -4*g - 130. Calculate the remainder when w is divided by 20.
18
Let k = 48 + 30. What is the remainder when (14 + 130/(-39))*(2 - -19) is divided by k?
68
Let l(f) = -189*f - 1665. What is the remainder when l(-35) is divided by 59?
53
Let s(w) = 2*w**2 + 51*w + 64. Let n be s(-21). Let l(c) = c**3 + 4*c**2 - 5*c - 6. What is the remainder when (0 - -8)/(-8)*n is divided by l(-4)?
13
Suppose 8*p + 196 = 4*p + o, -o - 204 = 4*p. Calculate the remainder when 74 is divided by (3*p/(-105))/(2/28).
14
Calculate the remainder when (5 - ((-455)/(-39) + -6))/((-1)/117) is divided by 16.
14
Let m = -357 - -383. Suppose -m*z - 22*z + 144 = 0. Calculate the remainder when 89 is divided by z.
2
Let d = -56 - -58. What is the remainder when 85 + (3/d)/((-1)/(-2)) is divided by 19?
12
Suppose 0 = 5*k - j - 2299, 0 = -3*k - j - 3*j + 1338. Calculate the remainder when k is divided by 22.
18
Calculate the remainder when (-9)/((-198)/4) + 23821/451 is divided by 6/3 + -4 - -34.
21
Let y = -8634 + 8652. Calculate the remainder when 4262 is divided by y.
14
Suppose -11*m - 25875 = -35*m - m. Calculate the remainder when m is divided by 177.
150
Let d be (-5)/(-15)*-12 + (-8879 - 0). Calculate the remainder when 2 - d/49 - 2/7 is divided by 46.
45
Calculate the remainder when (-6432)/(-335)*(-170)/(-6) is divided by 39.
37
Suppose 2 = -4*o - 10. Suppose -5*h + 4*z = -220, 40*h + 3*z = 36*h + 207. What is the remainder when h is divided by ((-25)/(-2))/(o/(-6))?
23
Let i = 693 - 687. What is the remainder when 3057 is divided by i?
3
What is the remainder when 2183 is divided by 66/9*3 - 1*-4?
25
Let q = 29 + -1. Let s(t) = -4*t + 212. Let b be s(52). Suppose 15 = -5*h, b*l = -5*h + 13 + q. What is the remainder when 47 is divided by l?
5
Let c = -9195 + 9207. What is the remainder when 905 is divided by c?
5
Suppose 1658*x = 1642*x + 259040. Calculate the remainder when x is divided by 23.
21
Let m(h) = -12*h - 19. Suppose 5*b = 5*c - 35, -7*c + 3*c = b - 8. Suppose 8*k - 195 = c*k. What is the remainder when m(-8) 